ed by 96.
95
What is the remainder when 267 is divided by 82?
21
What is the remainder when 363 is divided by 356?
7
Calculate the remainder when 119 is divided by 87.
32
What is the remainder when 282 is divided by 40?
2
Calculate the remainder when 17 is divided by 5.
2
Calculate the remainder when 348 is divided by 27.
24
Calculate the remainder when 853 is divided by 34.
3
Calculate the remainder when 101 is divided by 45.
11
Calculate the remainder when 265 is divided by 4.
1
Calculate the remainder when 2245 is divided by 373.
7
What is the remainder when 2265 is divided by 21?
18
What is the remainder when 75 is divided by 3?
0
Calculate the remainder when 154 is divided by 133.
21
What is the remainder when 34 is divided by 18?
16
What is the remainder when 99 is divided by 40?
19
What is the remainder when 206 is divided by 32?
14
What is the remainder when 525 is divided by 48?
45
Calculate the remainder when 401 is divided by 24.
17
Calculate the remainder when 137 is divided by 46.
45
What is the remainder when 283 is divided by 125?
33
Calculate the remainder when 124 is divided by 25.
24
What is the remainder when 317 is divided by 23?
18
Calculate the remainder when 1861 is divided by 310.
1
Calculate the remainder when 3743 is divided by 179.
163
What is the remainder when 466 is divided by 67?
64
Calculate the remainder when 230 is divided by 78.
74
Calculate the remainder when 9973 is divided by 25.
23
Calculate the remainder when 43 is divided by 10.
3
Calculate the remainder when 367 is divided by 158.
51
Calculate the remainder when 121 is divided by 49.
23
What is the remainder when 211 is divided by 23?
4
What is the remainder when 39 is divided by 19?
1
Calculate the remainder when 35151 is divided by 338.
337
What is the remainder when 48 is divided by 13?
9
What is the remainder when 1154 is divided by 44?
10
Calculate the remainder when 69 is divided by 7.
6
Calculate the remainder when 3388 is divided by 106.
102
What is the remainder when 695 is divided by 143?
123
Calculate the remainder when 552 is divided by 140.
132
Calculate the remainder when 419 is divided by 136.
11
Calculate the remainder when 91 is divided by 20.
11
Calculate the remainder when 1466 is divided by 113.
110
Calculate the remainder when 352 is divided by 52.
40
Calculate the remainder when 2481 is divided by 108.
105
Calculate the remainder when 115 is divided by 37.
4
What is the remainder when 27 is divided by 6?
3
What is the remainder when 2532 is divided by 43?
38
What is the remainder when 115 is divided by 30?
25
What is the remainder when 188 is divided by 16?
12
Calculate the remainder when 162 is divided by 48.
18
Calculate the remainder when 154 is divided by 29.
9
Calculate the remainder when 5359 is divided by 67.
66
Calculate the remainder when 943 is divided by 138.
115
What is the remainder when 247 is divided by 99?
49
Calculate the remainder when 454 is divided by 246.
208
Calculate the remainder when 168 is divided by 37.
20
Calculate the remainder when 458 is divided by 152.
2
What is the remainder when 44 is divided by 7?
2
Calculate the remainder when 152 is divided by 74.
4
Calculate the remainder when 165 is divided by 73.
19
What is the remainder when 127 is divided by 70?
57
What is the remainder when 415 is divided by 104?
103
Calculate the remainder when 674 is divided by 230.
214
What is the remainder when 1563 is divided by 9?
6
What is the remainder when 86 is divided by 29?
28
What is the remainder when 163 is divided by 10?
3
Calculate the remainder when 199 is divided by 96.
7
What is the remainder when 32029 is divided by 14?
11
What is the remainder when 4154 is divided by 188?
18
Calculate the remainder when 833 is divided by 10.
3
What is the remainder when 1927 is divided by 128?
7
What is the remainder when 470 is divided by 254?
216
Calculate the remainder when 354 is divided by 4.
2
Calculate the remainder when 491 is divided by 13.
10
Calculate the remainder when 335 is divided by 43.
34
What is the remainder when 1782 is divided by 15?
12
What is the remainder when 1385 is divided by 4?
1
What is the remainder when 199 is divided by 3?
1
What is the remainder when 363 is divided by 27?
12
What is the remainder when 1535 is divided by 32?
31
What is the remainder when 57 is divided by 23?
11
Calculate the remainder when 110 is divided by 29.
23
Calculate the remainder when 174 is divided by 8.
6
What is the remainder when 295 is divided by 72?
7
What is the remainder when 32 is divided by 23?
9
What is the remainder when 342 is divided by 67?
7
What is the remainder when 271 is divided by 91?
89
What is the remainder when 984 is divided by 17?
15
What is the remainder when 83 is divided by 81?
2
Calculate the remainder when 1374 is divided by 340.
14
Calculate the remainder when 52 is divided by 18.
16
Calculate the remainder when 2130 is divided by 704.
18
Calculate the remainder when 675 is divided by 59.
26
Calculate the remainder when 51 is divided by 12.
3
What is the remainder when 69 is divided by 22?
3
Calculate the remainder when 1786 is divided by 256.
250
What is the remainder when 298 is divided by 43?
40
What is the remainder when 4599 is divided by 39?
36
Calculate the remainder when 1955 is divided by 20.
15
Calculate the remainder when 1672 is divided by 42.
34
Calculate the remainder when 347 is divided by 27.
23
What is the remainder when 638 is divided by 18?
8
Calculate the remainder when 1671 is divided by 91.
33
Calculate the remainder when 12888 is divided by 22.
18
What is the remainder when 252 is divided by 8?
4
Calculate the remainder when 831 is divided by 817.
14
What is the remainder when 142 is divided by 62?
18
What is the remainder when 240 is divided by 24?
0
Calculate the remainder when 527 is divided by 132.
131
What is the remainder when 2476 is divided by 276?
268
Calculate the remainder when 194 is divided by 13.
12
What is the remainder when 71 is divided by 63?
8
Calculate the remainder when 142 is divided by 41.
19
Calculate the remainder when 34 is divided by 24.
10
What is the remainder when 72 is divided by 64?
8
What is the remainder when 1570 is divided by 2?
0
What is the remainder when 1798 is divided by 20?
18
What is the remainder when 212 is divided by 181?
31
Calculate the remainder when 822 is divided by 83.
75
Calculate the remainder when 2364 is divided by 68.
52
What is the remainder when 1058 is divided by 527?
4
Calculate the remainder when 518 is divided by 117.
50
What is the remainder when 239 is divided by 32?
15
Calculate the remainder when 419 is divided by 21.
20
Calculate the remainder when 43 is divided by 9.
7
What is the remainder when 90 is divided by 25?
15
Calculate the remainder when 424 is divided by 79.
29
Calculate the remainder when 651 is divided by 55.
46
Calculate the remainder when 1299 is divided by 65.
64
Calculate the remainder when 1643 is divided by 36.
23
What is the remainder when 769 is divided by 270?
229
Calculate the remainder when 109 is divided by 30.
19
Calculate the remainder when 205 is divided by 42.
37
What is the remainder when 3420 is divided by 163?
160
What is the remainder when 5950 is divided by 62?
60
Calculate the remainder when 475 is divided by 96.
91
What is the remainder when 512 is divided by 249?
14
What is the remainder when 150 is divided by 33?
18
What is the remainder when 700 is divided by 23?
10
What is the remainder when 3427 is divided by 13?
8
What is the remainder when 20 is divided by 12?
8
What is the remainder when 847 is divided by 108?
91
What is the remainder when 794 is divided by 14?
10
Calculate the remainder when 2021 is divided by 17.
15
What is the remainder when 5249 is divided by 14?
13
What is the remainder when 295 is divided by 50?
45
Calculate the remainder when 198 is divided by 5.
3
What is the remainder when 263 is divided by 81?
20
What is the remainder when 319 is divided by 46?
43
Calculate the remainder when 21 is divided by 13.
8
What is the remainder when 157 is divided by 42?
31
What is the remainder when 1934 is divided by 13?
10
What is the remainder when 4380 is divided by 16?
12
What is the remainder when 370 is divided by 368?
2
What is the